{"id":62,"date":"2016-11-17T10:02:11","date_gmt":"2016-11-17T10:02:11","guid":{"rendered":"http:\/\/klinkerfuss-psychotherapie.de\/?page_id=62"},"modified":"2025-09-27T16:04:20","modified_gmt":"2025-09-27T16:04:20","slug":"impressum","status":"publish","type":"page","link":"https:\/\/www.klinkerfuss-psychotherapie.de\/?page_id=62","title":{"rendered":"Impressum"},"content":{"rendered":"<h4 style=\"text-align: left;\">Angaben zur Erf\u00fcllung von gesetzlichen Informationspflichten:<\/h4>\n<p>Der Gesetzgeber hat den Erbringern von Telemedienleistungen Informationspflichten auferlegt. Zus\u00e4tzlich wurde am 12.3.2010 die Verordnung \u00fcber Informationspflichten f\u00fcr Dienstleistungserbringer erlassen. Hierdurch werden Dienstleistungserbringer zu Informationsangaben verpflichtet, die sich inhaltlich teilweise mit bereits geforderten Informationen nach dem Telemediengesetz \u00fcberschneiden. Nachfolgend sind daher diese Informationen zusammengefasst.<\/p>\n<h4>Anbieter gem\u00e4\u00df \u00a75 Telemediengesetz (TMG) und Dienstleistungserbringer im Sinne der Dienstleistungs-Informationspflichten-Verordnung (DLInfoV):<\/h4>\n<p>Dr. med. Mathias Klinkerfu\u00df<br \/>\nFacharzt f\u00fcr Psychosomatische Medizin und Psychotherapie<br \/>\nArztregister-Nr.: 1 8556 (KV Hessen)<\/p>\n<h4>Standort\/Adresse:<\/h4>\n<p>Stresemannstra\u00dfe 8<br \/>\n61231 Bad Nauheim<br \/>\nT. 06032 &#8211; 99 29 222<br \/>\nE-Mail: <a href=\"mailto:m.klinkerfuss@klinkpsych.de\">m.klinkerfuss@klinkpsych.de<\/a><\/p>\n<h4>Zust\u00e4ndige Aufsichtsbeh\u00f6rde:<\/h4>\n<p>Kassen\u00e4rztliche Vereinigung Hessen<br \/>\nGeorg-Voigt-Str. 15<br \/>\n60325 Frankfurt<\/p>\n<h4>Zust\u00e4ndige Kammer:<\/h4>\n<p>Landes\u00e4rztekammer Hessen<br \/>\nHanauer Landstra\u00dfe 152<br \/>\n60314 Frankfurt<\/p>\n<h4>Berufsbezeichnungen:<\/h4>\n<p>Arzt\u00a0(verliehen in der Bundesrepublik Deutschland),\u00a0Approbation als Arzt\u00a0laut Approbationsurkunde vom 18.05.2006.<br \/>\nAnerkennung als Facharzt f\u00fcr Psychosomatische Medizin und Psychotherapie\u00a0durch die Landes\u00e4rztekammer Hessen am 04.10.2016.<\/p>\n<h4>Berufsrechtliche Regelungen:<\/h4>\n<ul>\n<li><a href=\"https:\/\/www.laekh.de\/fileadmin\/user_upload\/Aerzte\/Rund_ums_Recht\/Rechtsquellen\/Berufsordnung.pdf\" target=\"_blank\" rel=\"noopener\">Berufsordnung f\u00fcr die \u00c4rztinnen und \u00c4rzte in Hessen<\/a><\/li>\n<li><a href=\"https:\/\/www.laekh.de\/fileadmin\/user_upload\/Aerzte\/Rund_ums_Recht\/Rechtsquellen\/Heilberufsgesetz.pdf\" target=\"_blank\" rel=\"noopener\">Hessisches Heilberufegesetz<\/a><\/li>\n<\/ul>\n<h4>Haftungsausschluss:<\/h4>\n<p>Die Inhalte dieser Website werden mit gr\u00f6\u00dftm\u00f6glicher Sorgf\u00e4ltigkeit \u00fcberpr\u00fcft. Gleichwohl wird keine Haftung f\u00fcr die Vollst\u00e4ndigkeit, Aktualit\u00e4t und Richtigkeit der bereit gestellten Informationen \u00fcbernommen.<\/p>\n<h4>Inhaltlich Verantwortlicher gem\u00e4\u00df \u00a7 5 Telemediengesetz:<\/h4>\n<p>Dr. Mathias Klinkerfu\u00df<\/p>\n<h4>Externe Links:<\/h4>\n<p>Wichtiger Hinweis zu allen Links: Mit Urteil vom 12. Mai 1998 &#8211; 312 O 85\/98 &#8211; \u201eHaftung f\u00fcr Links\u201c hat das Landgericht (LG) Hamburg entschieden, dass man durch die Anbringung eines Links, die Inhalte der gelinkten Seite ggf. mit zu verantworten hat. Dies kann &#8211; so das LG &#8211; nur dadurch verhindert werden, dass man sich ausdr\u00fccklich von diesen Inhalten distanziert. Hiermit distanzieren wir uns ausdr\u00fccklich von allen Inhalten aller gelinkten Seiten auf unserer Homepage und machen uns diese Inhalte nicht zu eigen. Diese Erkl\u00e4rung gilt f\u00fcr alle auf dieser Website angebrachten Links. Trotz sorgf\u00e4ltiger inhaltlicher Kontrolle \u00fcbernehmen wir keine Haftung f\u00fcr die Inhalte externer Links. F\u00fcr den Inhalt der verlinkten Seiten sind ausschlie\u00dflich deren Betreiber verantwortlich da die wir keinen Einfluss auf die Gestaltung und den Inhalt der verlinkten Seiten haben. Wir distanzieren uns hiermit ausdr\u00fccklich von allen Inhalten aller verlinkten Seiten dieser Homepage.<\/p>\n<p>Gem\u00e4\u00df \u00a7 8 Telemediengesetz sind wir nicht verpflichtet, die \u00fcber Links zug\u00e4nglich gemachten Informationen zu \u00fcberwachen, oder nach Umst\u00e4nden zu forschen, die auf eine rechtswidrige T\u00e4tigkeit hinweisen.<\/p>\n<p>Bad Nauheim, 07.05.2018<\/p>\n<h6><\/h6>\n<div id=\"cc-m-11963852822\" class=\"j-module n j-text \"><\/div>\n","protected":false},"excerpt":{"rendered":"<p>Angaben zur Erf\u00fcllung von gesetzlichen Informationspflichten: Der Gesetzgeber hat den Erbringern von Telemedienleistungen Informationspflichten auferlegt. Zus\u00e4tzlich wurde am 12.3.2010 die Verordnung \u00fcber Informationspflichten f\u00fcr Dienstleistungserbringer erlassen. Hierdurch werden Dienstleistungserbringer zu Informationsangaben verpflichtet, die sich inhaltlich teilweise mit bereits geforderten Informationen nach dem Telemediengesetz \u00fcberschneiden. Nachfolgend sind daher diese Informationen zusammengefasst. Anbieter gem\u00e4\u00df \u00a75 Telemediengesetz (TMG) und Dienstleistungserbringer im Sinne der Dienstleistungs-Informationspflichten-Verordnung (DLInfoV): Dr. med. Mathias Klinkerfu\u00df Facharzt f\u00fcr Psychosomatische Medizin und Psychotherapie Arztregister-Nr.: 1 8556 (KV Hessen) Standort\/Adresse: Stresemannstra\u00dfe 8 61231 Bad Nauheim T. 06032 &#8211; 99 29 222 E-Mail: m.klinkerfuss@klinkpsych.de Zust\u00e4ndige Aufsichtsbeh\u00f6rde: Kassen\u00e4rztliche Vereinigung Hessen Georg-Voigt-Str. 15 60325 Frankfurt Zust\u00e4ndige Kammer: Landes\u00e4rztekammer Hessen Hanauer Landstra\u00dfe 152 60314 Frankfurt Berufsbezeichnungen: Arzt\u00a0(verliehen in der Bundesrepublik Deutschland),\u00a0Approbation als Arzt\u00a0laut Approbationsurkunde vom 18.05.2006. Anerkennung als Facharzt f\u00fcr Psychosomatische Medizin und Psychotherapie\u00a0durch die Landes\u00e4rztekammer Hessen am 04.10.2016. Berufsrechtliche Regelungen: Berufsordnung f\u00fcr die \u00c4rztinnen und \u00c4rzte in Hessen Hessisches Heilberufegesetz Haftungsausschluss: Die Inhalte dieser Website werden mit gr\u00f6\u00dftm\u00f6glicher Sorgf\u00e4ltigkeit \u00fcberpr\u00fcft. Gleichwohl wird keine Haftung f\u00fcr die Vollst\u00e4ndigkeit, Aktualit\u00e4t und Richtigkeit der bereit gestellten Informationen \u00fcbernommen. Inhaltlich Verantwortlicher gem\u00e4\u00df \u00a7 5 Telemediengesetz: Dr. Mathias Klinkerfu\u00df Externe Links: Wichtiger Hinweis zu allen Links: Mit Urteil vom 12. Mai 1998 &#8211; 312 O 85\/98 &#8211; \u201eHaftung f\u00fcr Links\u201c hat das Landgericht (LG) Hamburg entschieden, dass man durch die Anbringung eines Links, die Inhalte der gelinkten Seite ggf. mit zu verantworten hat. Dies kann &#8211; so das LG &#8211; nur dadurch verhindert werden, dass man sich ausdr\u00fccklich von diesen Inhalten distanziert. Hiermit distanzieren wir uns ausdr\u00fccklich von allen Inhalten aller gelinkten Seiten auf unserer Homepage und machen uns diese Inhalte nicht zu eigen. Diese Erkl\u00e4rung gilt f\u00fcr alle auf dieser Website angebrachten Links. Trotz sorgf\u00e4ltiger inhaltlicher Kontrolle \u00fcbernehmen wir keine Haftung f\u00fcr die Inhalte externer Links. F\u00fcr den Inhalt der verlinkten Seiten sind ausschlie\u00dflich deren Betreiber verantwortlich da die wir keinen Einfluss auf die Gestaltung und den Inhalt der verlinkten Seiten haben. Wir distanzieren uns hiermit ausdr\u00fccklich von allen Inhalten aller verlinkten Seiten dieser Homepage. Gem\u00e4\u00df \u00a7 8 Telemediengesetz sind wir nicht verpflichtet, die \u00fcber Links zug\u00e4nglich gemachten Informationen zu \u00fcberwachen, oder nach Umst\u00e4nden zu forschen, die auf eine rechtswidrige T\u00e4tigkeit hinweisen. Bad Nauheim, 07.05.2018<\/p>\n","protected":false},"author":1,"featured_media":0,"parent":0,"menu_order":60,"comment_status":"closed","ping_status":"closed","template":"","meta":{"footnotes":""},"class_list":["post-62","page","type-page","status-publish","hentry"],"acf":[],"_links":{"self":[{"href":"https:\/\/www.klinkerfuss-psychotherapie.de\/index.php?rest_route=\/wp\/v2\/pages\/62","targetHints":{"allow":["GET"]}}],"collection":[{"href":"https:\/\/www.klinkerfuss-psychotherapie.de\/index.php?rest_route=\/wp\/v2\/pages"}],"about":[{"href":"https:\/\/www.klinkerfuss-psychotherapie.de\/index.php?rest_route=\/wp\/v2\/types\/page"}],"author":[{"embeddable":true,"href":"https:\/\/www.klinkerfuss-psychotherapie.de\/index.php?rest_route=\/wp\/v2\/users\/1"}],"replies":[{"embeddable":true,"href":"https:\/\/www.klinkerfuss-psychotherapie.de\/index.php?rest_route=%2Fwp%2Fv2%2Fcomments&post=62"}],"version-history":[{"count":64,"href":"https:\/\/www.klinkerfuss-psychotherapie.de\/index.php?rest_route=\/wp\/v2\/pages\/62\/revisions"}],"predecessor-version":[{"id":3435,"href":"https:\/\/www.klinkerfuss-psychotherapie.de\/index.php?rest_route=\/wp\/v2\/pages\/62\/revisions\/3435"}],"wp:attachment":[{"href":"https:\/\/www.klinkerfuss-psychotherapie.de\/index.php?rest_route=%2Fwp%2Fv2%2Fmedia&parent=62"}],"curies":[{"name":"wp","href":"https:\/\/api.w.org\/{rel}","templated":true}]}}