{"id":1161,"date":"2017-11-05T15:29:07","date_gmt":"2017-11-05T15:29:07","guid":{"rendered":"http:\/\/klinkerfuss-psychotherapie.de\/?page_id=1161"},"modified":"2025-10-22T09:11:12","modified_gmt":"2025-10-22T09:11:12","slug":"psychotherapie-fuer-erwachsene","status":"publish","type":"page","link":"https:\/\/www.klinkerfuss-psychotherapie.de\/?page_id=1161","title":{"rendered":"Kurzzeittherapie"},"content":{"rendered":"\n<p>Aus methodischen Gr\u00fcnden &#8211; und weil es zur Struktur meiner Praxis passt &#8211; biete ich&nbsp;<strong>ausschlie\u00dflich Kurzzeittherapien<\/strong> an. Das bedeutet konkret: In der Regel bis zu 12 Sitzungen, in begr\u00fcndeten F\u00e4llen auch eine Verl\u00e4ngerung auf maximal 24 Sitzungen.<\/p>\n\n\n\n<p>Mir geht es dabei nicht darum, Themen \u201eabzuk\u00fcrzen\u201c, sondern mit Ihnen gemeinsam\u00a0<strong>fokussiert, ressourcenorientiert und in einem klaren Rahmen<\/strong>\u00a0an Ihren Zielen zu arbeiten. Systemische Kurzzeittherapie bedeutet, dass wir in wenigen Sitzungen versuchen, gemeinsam einen Unterschied zu machen.<\/p>\n\n\n\n<p>Sollten Sie jedoch gezielt eine Langzeittherapie suchen, bei der es eher um eine kontinuierliche Begleitung \u00fcber mehrere Jahre geht, passt mein Angebot vermutlich nicht zu Ihrem Anliegen &#8211; in dem Fall unterst\u00fctze ich Sie gerne bei der Suche nach anderen passenden Anlaufstellen.<\/p>\n","protected":false},"excerpt":{"rendered":"<p>Aus methodischen Gr\u00fcnden &#8211; und weil es zur Struktur meiner Praxis passt &#8211; biete ich&nbsp;ausschlie\u00dflich Kurzzeittherapien an. Das bedeutet konkret: In der Regel bis zu 12 Sitzungen, in begr\u00fcndeten F\u00e4llen auch eine Verl\u00e4ngerung auf maximal 24 Sitzungen. Mir geht es dabei nicht darum, Themen \u201eabzuk\u00fcrzen\u201c, sondern mit Ihnen gemeinsam\u00a0fokussiert, ressourcenorientiert und in einem klaren Rahmen\u00a0an Ihren Zielen zu arbeiten. Systemische Kurzzeittherapie bedeutet, dass wir in wenigen Sitzungen versuchen, gemeinsam einen Unterschied zu machen. Sollten Sie jedoch gezielt eine Langzeittherapie suchen, bei der es eher um eine kontinuierliche Begleitung \u00fcber mehrere Jahre geht, passt mein Angebot vermutlich nicht zu Ihrem Anliegen &#8211; in dem Fall unterst\u00fctze ich Sie gerne bei der Suche nach anderen passenden Anlaufstellen.<\/p>\n","protected":false},"author":1,"featured_media":0,"parent":0,"menu_order":10,"comment_status":"closed","ping_status":"closed","template":"","meta":{"footnotes":""},"class_list":["post-1161","page","type-page","status-publish","hentry"],"acf":[],"_links":{"self":[{"href":"https:\/\/www.klinkerfuss-psychotherapie.de\/index.php?rest_route=\/wp\/v2\/pages\/1161","targetHints":{"allow":["GET"]}}],"collection":[{"href":"https:\/\/www.klinkerfuss-psychotherapie.de\/index.php?rest_route=\/wp\/v2\/pages"}],"about":[{"href":"https:\/\/www.klinkerfuss-psychotherapie.de\/index.php?rest_route=\/wp\/v2\/types\/page"}],"author":[{"embeddable":true,"href":"https:\/\/www.klinkerfuss-psychotherapie.de\/index.php?rest_route=\/wp\/v2\/users\/1"}],"replies":[{"embeddable":true,"href":"https:\/\/www.klinkerfuss-psychotherapie.de\/index.php?rest_route=%2Fwp%2Fv2%2Fcomments&post=1161"}],"version-history":[{"count":62,"href":"https:\/\/www.klinkerfuss-psychotherapie.de\/index.php?rest_route=\/wp\/v2\/pages\/1161\/revisions"}],"predecessor-version":[{"id":3454,"href":"https:\/\/www.klinkerfuss-psychotherapie.de\/index.php?rest_route=\/wp\/v2\/pages\/1161\/revisions\/3454"}],"wp:attachment":[{"href":"https:\/\/www.klinkerfuss-psychotherapie.de\/index.php?rest_route=%2Fwp%2Fv2%2Fmedia&parent=1161"}],"curies":[{"name":"wp","href":"https:\/\/api.w.org\/{rel}","templated":true}]}}